
What is 5 + -8 - 12 - -7?
-8
What is the value of (2 - -8 - ((-1 - -15) + -3)) + -5?
-6
Calculate (-50 - -12) + (34 - 7).
-11
What is the value of -11 - -7 - (-7 + (25 - 12 - 18))?
8
-1 + 22 + 1 + (-10 - -5) + -5
12
What is -2 - (-6 + (-30 - -17)) - 36?
-19
13 - (-8 - -7) - 5
9
Calculate -5 - (2 - -2 - 2) - (43 - 50).
0
What is the value of 3 + (-27 + 21 - (-1 + -7)) + 14?
19
Calculate -11 + (0 - (-15 - 0)).
4
What is -2 + 2 + -5 + (-1 - -2) + 18?
14
9 - (-1 - -1) - (527 + -518)
0
Calculate -5 + -18 + (-17 - -19) + -2 + 7.
-16
Evaluate -3 - -8 - 2 - 8.
-5
What is 4 - (8 + 10 - 13)?
-1
What is the value of -25 + 32 - (0 - -26 - 0)?
-19
Calculate 20 - 39 - -25 - 30.
-24
Evaluate -4 - (-2 + (28 - (16 + -12 + 6))).
-20
What is the value of -3 + 0 + 4 - (3 + -10 + 0)?
8
What is the value of (-5 - (-5 - -12)) + 11?
-1
What is (10 - 7 - 6) + 0 + 16?
13
-9 - (-12 + 7) - 9
-13
0 - (-2 - -6 - -1) - 18
-23
8 - (20 - 12 - (5 - 2))
3
Evaluate -5 - (7 + 13 - 11).
-14
What is the value of -1 - (13 + -32) - (7 - -7)?
4
Evaluate (6 - -1) + (-28 - -34 - 24).
-11
Calculate -17 + 20 - (0 - (-6 - 0)).
-3
Evaluate (-11 - -39) + 5 + 3 + -5 + -10.
21
What is the value of -27 - -7 - (0 - 2) - (14 - 18)?
-14
Calculate -9 - (17 + -39 - 0).
13
Evaluate 21 + -21 - 32 - -8.
-24
5 + (5 - 14) - 13
-17
Calculate 11 - 9 - -5 - 23.
-16
Evaluate 14 - (0 - 2 - (9 + (-19 - -5))).
11
What is the value of 20 - 1 - (376 + -367)?
10
What is the value of 3 + -9 - (-17 + -7 + 14 - -5)?
-1
Evaluate (-16 - -17) + 16 + -29 - 3.
-15
Evaluate -29 - -40 - (8 - 6).
9
What is the value of -15 - (12 - (-20 - -35))?
-12
Evaluate 9 - 3 - (-30 + 40 + 8 + 0).
-12
-2 + (14 - 7) + -1 + 0
4
Evaluate 16 - 0 - (-91 - -103).
4
What is the value of -6 - (-11 - -9) - (27 - 2)?
-29
52 + -52 + 2 + 2 + -3
1
Calculate -39 + (25 - -20) + -1 + (7 - 2).
10
Calculate -1 + 16 + (97 - 104).
8
Calculate (8 - -2 - (66 - 52)) + -3.
-7
What is the value of 1 + 12 - (-2 - -9)?
6
Evaluate 5 + 9 + -20 + 5.
-1
What is -14 + (-2 - -22) + 2 + -15 + 8?
1
(-4 - (-4 - 4)) + 34 + -29
9
What is the value of -2 + (3 + 11 - 9 - -19)?
22
Evaluate 10 + (-35 - 1 - (77 - 83)).
-20
What is -2 - -10 - (50 + -51 + 1 + 38)?
-30
Evaluate 3 - -8 - (-57 + 46).
22
What is 11 + 0 + (177 - 197)?
-9
8 + -5 - (19 - 23)
7
Evaluate 10 + -8 + 5 + -3 + 9.
13
Evaluate -6 + -9 - -14 - -4.
3
-2 + 1 + (-2 + -14 + 10 - -14)
7
Evaluate (-19 + -2 + (7 - -4) - 1) + 8.
-3
Calculate -1 + 16 - (-48 - -66).
-3
Calculate (32 - 19) + (0 - (2 + -4 + 10)).
5
What is (-3 - 2) + (-11 - -17) + -3?
-2
Calculate (-1 + 4 - (-208 - -192)) + -56.
-37
Calculate (-23 - (-14 - -6)) + 41.
26
(2 - 13) + 10 + 7 + -19 + -3
-16
13 + (3 - 21) - 9
-14
Evaluate (-8 - (18 - 36)) + -13 + 1 - 26.
-28
(3 - (3 - 7) - 13) + 7
1
10 + (-30 - -22 - (-4 - 4))
10
Evaluate 3 - (2 + -5) - (77 - 63).
-8
-2 - (15 - (0 - 2 - -6))
-13
What is (-18 + 30 - -7) + -13?
6
Evaluate 1 - -3 - (23 - 31 - -15).
-3
What is (12 - (6 + 3)) + 8?
11
Evaluate 8 - (-1 + 4 - (-5 + 0)).
0
What is the value of -2 - ((16 - 10) + -13 + 0)?
5
Calculate 1 + -9 + -12 + 39 + -22.
-3
Evaluate (-5 + 9 - -12) + -7 + 1 - 4.
6
(-5 - (-5 + 22 - 22)) + -9 + -1
-10
(-37 - -38) + 3 + (2 - 0)
6
Evaluate (-1 - (16 - 2)) + 20.
5
What is the value of 47 - 7 - (60 + -15)?
-5
(0 - ((-6 - 4) + 8)) + 3
5
19 + -16 + -2 + 27
28
1 - -3 - -7 - 12 - 4
-5
Calculate 0 - (3 + (-2 - (3 - 8))).
-6
Evaluate 1 - (2 + (2 - -8)) - -9.
-2
What is 35 - (62 - 24 - 30)?
27
(6 + 6 - 16) + 22 - -6
24
What is the value of -2 + -24 + 13 - 3?
-16
What is the value of 9 + -16 - (-24 + 17) - 17?
-17
What is (-21 - (2 + -4) - 2) + (133 - 126)?
-14
2 + 1 + (-16 - -15 - 6)
-4
Calculate 1 - (9 - (13 - 3) - -1).
1
What is (-17 - -15) + -4 - 10?
-16
(157 - 137) + (-1 - (-2 + -1)) + -4
18
Calculate -8 + (-7 - (-8 + 2)) - -20.
11
What is the value of (0 + 1 - 14) + (11 - (4 - -3))?
-9
What is 9 + (10 - (11 + -2))?
10
-8 + (1 - 6) + -6 + 7
-12
Evaluate 0 - (-9 + 14 + -14 + 3).
6
Calculate -2 - (-4 - 3) - ((-1 - -3) + -5).
8
What is the value of 0 + (4 - 3 - 2) + 6 + 0?
5
What is -18 - 3 - -15 - (2 + 0 + -3)?
-5
What is the value of 0 - -2 - (-10 + 6 + 2) - 5?
-1
What is the value of (11 - (-7 - -14)) + (7 - 9)?
2
-177 + 196 + 0 + -10
9
Evaluate 2 - 2 - 11 - -17.
6
What is the value of -22 - (8 - (-58 + 47))?
-41
Evaluate 13 + -3 + 0 + 19 + -28.
1
Calculate 4 + -451 + 442 + (1 + -1 - 1).
-6
4 - (7 + -3) - ((-15 - -7) + 11)
-3
What is -9 + 7 - (-1 + (-1 + -1 - -7))?
-6
Evaluate 7 - (10 + -4 + 4 + -21).
18
(-527 - -535) + (-17 - -1)
-8
What is -1 + -19 - (-10 - -2)?
-12
What is the value of (0 - (4 - 12) - -3) + 6?
17
Evaluate -1 + -9 + -10 - -11 - 8.
-17
Calculate 5 + (-2 - 20) + 332 + -354.
-39
Calculate 2 - (11 - 24) - 5.
10
(10 - -1) + (-22 - (-46 + 48))
-13
Calculate -14 - ((-4 - (7 + -18)) + -16).
-5
Calculate 3 + 3 - (-70 - -71).
5
Calculate (117 - 74) + (-38 - 1).
4
What is the value of -7 + 8 + 14 - 11?
4
(-4 - (-21 - -32)) + (-5 - (-1 - -3))
-22
Calculate -8 - ((4 - (-3 - 1) - 3) + -6).
-7
What is the value of -34 + -1 + 700 + -652?
13
Calculate 2 + 4 - (-43 + 32) - 6.
11
What is (-5 + 3 + -1 - (13 + -9)) + -6?
-13
Evaluate 1 + (14 - 9) + 5.
11
0 + 6 - (9 - 8 - -27)
-22
Evaluate (13 + -5 - (-6 - -3 - -1)) + 4.
14
Calculate (0 - (-2 + 0)) + 29 + -50 + 34.
15
-42 + (2 - 1 - (-3 - 1))
-37
What is (-473 - -514) + 2 + -80?
-37
Calculate -2 - (-8 - ((2 - -6) + -4)).
10
What is -34 + 41 + -1 + 0 - (-7 + 2)?
11
What is 18 + 0 + -4 + (45 - 45)?
14
Calculate 2 + -11 - (-30 + 41 - (49 + -4)).
25
Evaluate -11 + 3 + -4 + 5.
-7
What is the value of -12 + (26 + -11 - 7) + -9?
-13
What is -4 - ((8 - -1) + -5 + -5)?
-3
What is (-1 - -2) + 1 + 1 + (27 - 34)?
-4
What is (-2 - -5) + -1 + -7 + 13 + -1?
7
Calculate 26 + -20 + (-5 - -8).
9
Evaluate 10 - (4 + 15 + 7).
-16
What is (-43 - -50) + (0 + 0 - 0 - -4)?
11
Calculate (1 - 11) + 17 + -5 - 0.
2
Calculate 14 - (-1 + 16 + -6).
5
What is the value of -12 + 10 - ((-2 - (6 + -4)) + 3)?
-1
Calculate 2 + -6 + -1 + -2 + 3.
-4
Calculate -138 + 160 - (-1 + 18) - (-1 - 12).
18
Evaluate -23 + -1 - ((-29 - -66) + -40).
-21
What is the value of 9 - (-2 - -6 - 9)?
14
Evaluate 8 + -7 + (7 - 6) + -28 + -6.
-32
What is the value of 4 - 9 - (-1 + -2 + 3)?
-5
(-3 + 3 - (-10 - -6)) + -12 + 9
1
Calculate (26 - 36) + (25 - (6 + -4) - -4).
17
Calculate 31 + -35 - (-26 - -7).
15
What is the value of -4 + 1 + -2 + -2?
-7
Evaluate (-12 + (-12 - -18) - 0 - 5) + 17.
6
What is the value of -26 + (-6 - (-4 + (-9 - (-8 - -9))))?
-18
What is -3 - 19 - (-30 - (20 + -38))?
-10
What is (-68 - (13 - 51)) + 16?
-14
Evaluate (-2 + (19 - 11) - (0 + 13)) + -8.
-15
Calculate (-32 - -6) + 19 + 18.
11
Evaluate 9 - (2 - 0 - (-4 - (6 + -13))).
10
Calculate -3 + -5 - (-1 - (2 + -7 + 3)).
-9
What is the value of -16 - (-23 - (-36 + 8) - (2 - 0))?
-19
Evaluate 23 + -24 - 24 - -7.
-18
(0 - (-5 + 1)) + 3 + 1 + -19
-11
Calculate 5 + -1 + 2 + -9 + (9 - -5).
11
Evaluate 11 + -23 + 20 - 3 - -8.
13
Calculate 23 - (7 + 13) - 14.
-11
What is 25 + -30 - (1 + 2)?
-8
What is 33 + (-28 - (-15 - -1))?
19
-76 - -87 - (20 + -1)
-8
Calculate 10 + 9 + (-8 - -3 - 36).
-22
Calculate -37 - 0 - (23 - (61 - 26)).
-25
Calculate 9 - (-12 + 33) - 4.
-16
What is the value of (4 + 17 + -7 - (-2 - -13)) + 26?
29
Calculate -3 - 14 - (-176 + 180).
-21
What is -1 + 5 + (-6 - 1 - -9) + -10?
-4
Evaluate (4 - (-1 + 2 - 1)) + -15 + 13.
2
What is (-7 - 2) + (14 - 5) - -7?
7
What is (48 - 25) + -16 + 1 + 0?
8
65 + -68 - (-2 + 12)
-13
13 - (19 + -6 + -9 + 4)
5
12 + 4 + -10 + (-1 - (-2 + 2))
5
What is 2 - (-8 + 29) - -14?
-5
What is (-24 - (16 - 30)) + 28?
18
What is the value of -152 + 162 + 7 + -1?
16
What is the value of (-4 + -1 - 6) + 7 - -11?
7
Calculate 3 + -4 + 15 + -8.
6
Calculate (2 - (1 - (-6 + 5) - 5)) + -13.
-8
What is 4 + -15 + -1 + 14 + 6?
8
Calculate 28 - (11 + 58 + -22).
-19
What is the value of 1 - 11 - (-105 + 107)?
-12
Evaluate (3 - (1 + -2) - 1) + -43 + 34.
-6
(-33 - 5 - -48) + (1 - -19)
30
3 + (-24 - -17) + 0 - -29
25
(-5 - -7) + -6 - (-6 - (0 + 0))
2
Evaluate -3 - (-38 + 23 - 0).
12
Calculate -1 + (-6 - 4 - -21) + -12 + -1.
-3
What is the value of (-9 - 3) + (4 - -11) + (2 - -1)?
6
Evaluate (-31 - (0 - 27)) + (7 - 0) + -6.
-3
What is the value of 4 + 5 + (-4 - (10 + 0))?
-5
Calculate -3 + 4 + (2 - (4